 -5*q + 44162 + z. Is q prime?
True
Let n(w) = 125*w + 35. Let c be n(5). Suppose -8 = -4*f, 3*s + 266 = -f - 923. Let i = c + s. Is i a composite number?
False
Let g(p) = -12*p**3 + p**2 + 9*p + 12. Let a be g(-6). Suppose -5*r + 4309 = b - 1, -4*b = 3*r - a. Is r a composite number?
True
Suppose 0 = 5*f + l - 585181, f + l + 11968 = 129001. Is f prime?
True
Suppose -17*n + 4086 = -15*n. Let u = n + -1190. Is (-1 - -2 - 0)*u prime?
True
Suppose 6*k + 8605 = -5*j + k, 5*k = 3*j + 5203. Let t = -563 - j. Is t composite?
False
Let v be 128650/(-15)*(-1 - 6 - -1). Let u = -32811 + v. Is u a prime number?
False
Let x = -2966 + 5038. Let z = x - 1101. Is z a composite number?
False
Is (-6 - -209035) + (-48)/8 prime?
False
Let z(n) = 213*n**2 + 23*n + 353. Is z(-15) composite?
False
Let n = -189463 - -274728. Is n prime?
False
Let c(z) = 7244*z**2 + 30*z - 265. Is c(9) composite?
False
Suppose -5*h + 10 = -h + 2*s, 0 = 4*h + s - 5. Suppose -3*c + 4*j + 4271 + 1198 = 0, -c + 4*j + 1823 = h. Is c composite?
False
Suppose 21 = -3*i, 0*i = 8*y - 3*i - 4147837. Is y a prime number?
False
Suppose -2*t = -2*w - 114, -4*t - w + 56 = -192. Let a = t + -56. Suppose 0*k = -2*k + 4, 4*k = a*l - 5987. Is l prime?
False
Let u = 589 - 586. Suppose 4*r = -2*b + 4314, -b + 10757 = 4*b + u*r. Is b prime?
False
Let b be -3 - 2/(((-2)/(-5))/(-1)). Is (189456/(-96))/(b/(-4)) prime?
True
Suppose 4*a = 5*a + 3*t - 9, 3*a + 5*t = 15. Let f be -1 + (0 + -1 - -4724). Suppose a = 2*y - 5*y + f. Is y a prime number?
False
Suppose 0 = -4*g - 2*n + 3786, -5*g + 6*n + 4719 = 4*n. Is (-15)/(g/6) - 27575/(-21) composite?
True
Is (-12 + 14)*(211059/6)/9 composite?
False
Let w = -2726 - -7027. Suppose -22 = -5*s + 13. Suppose -s*g + 1250 = -w. Is g a composite number?
True
Let d = -188 - -109. Let g = 84 + d. Suppose 0 = k + g*x - 650, k + 3*k + 4*x = 2552. Is k prime?
False
Suppose 0 = -4*u + 2*x - 136, 0 = 5*u + 19*x - 18*x + 163. Let d(w) = -191*w - 20. Is d(u) composite?
True
Is 951260*63/(-882)*(-7)/2 a prime number?
False
Suppose 7*h = 4*h - 240. Let g be 3/(-3*4/h). Is (-118*2/(-16))/(5/g) prime?
True
Let c(u) = -2786*u - 1. Let w(f) = 1392*f + 1. Let r(s) = 6*c(s) + 13*w(s). Is r(2) a prime number?
True
Suppose -4*q - 3*x + 9793 = 0, q + 3*x - 354 = 2092. Let d = q - -13278. Is d composite?
False
Suppose 4*l + 1142 = 1062. Is 2 + (15/l - (-117477)/12) a prime number?
True
Let w be 1 - 4 - (4 + -15 + 4). Suppose w*u = 3*u, 4*t + 5*u = 58888. Let l = t + -10193. Is l prime?
False
Suppose 5*g - 634175 = -5*p, -20*p - 2*g = -15*p - 634187. Is p a prime number?
True
Let i(a) = -10*a**2 - 7*a + 1. Let p be i(3). Let g = -87 - p. Is g composite?
False
Suppose 95 = 2*o - 2*n + n, -132 = -3*o + 5*n. Let q = o - 47. Is (-3)/((-6 - -3)/(1063 - q)) composite?
False
Suppose l = 3*j - 7349850, 5*j + 5*l = 6072818 + 6176872. Is j composite?
True
Let c = -36093 - -207. Let f = -20743 - c. Is f prime?
False
Suppose 0 = 14*t + 8*t - 176. Is (-553455)/(-140) + (-2)/t a prime number?
False
Let u(a) be the second derivative of -a**3/3 - 7*a**2/2 + 16*a. Let b be u(-5). Suppose 3*x - 2*k = 3175, -8*k + b*k = -20. Is x a composite number?
False
Let g be (30/4)/(27/468). Let a be (4784/g)/(2/(-170)*-2). Let u = -371 + a. Is u a composite number?
False
Let z(a) = a**3 - 19*a**2 - 20*a + 4. Let p be z(20). Suppose -p*h = 2*h - 402. Let d = h + -53. Is d composite?
True
Suppose -r + x = -73487, 0 = -5*r - 170*x + 174*x + 367429. Is r prime?
False
Let g be (484/(-99))/22 + (-29756)/(-9). Let i = -2047 + g. Is i prime?
True
Let z be 6 - 0 - 3 - -18944. Suppose 0 = -3*b + 4*x - 3036 + z, 4*b - 21222 = -2*x. Is b a composite number?
True
Let i = 38868 + -6557. Is i prime?
False
Let n be -12*4/8 - -2. Let x = -23 - n. Let w(a) = -a**3 - 15*a**2 + 29*a - 28. Is w(x) composite?
True
Let s(w) = -w**2 - 2*w + 8. Let g be s(-4). Suppose z - 4*z + 1326 = g. Suppose 3*f + z = 2329. Is f a prime number?
False
Let a be (-2 - -2 - 1)*1420. Suppose 57139 + 8351 = -30*j. Let q = a - j. Is q a prime number?
False
Suppose 11*y + 126181 = 12*y - o, 126193 = y + 5*o. Is y composite?
True
Suppose 26*s - 2664877 = -37*s + 22*s. Is s composite?
False
Let t be 4*1/16*(4 - 4). Suppose 8*x - 15*x + 42049 = t. Is x a prime number?
True
Let a = 20808 - 5127. Suppose -9*y + a = -23262. Is y a composite number?
False
Suppose 0 = 62*l - 1609199 - 246399. Is l a prime number?
False
Is ((-1)/(-2))/((-17)/(-5362106)) composite?
True
Let i(x) = 7*x + 128. Let o be i(-18). Suppose -o*d - 3*w + 2521 = 0, 0 = 5*d + 4*w - 6*w - 6312. Is d a composite number?
True
Suppose -5*p + 41275 = 10*j - 5*j, -2*j + 16506 = 4*p. Is j a prime number?
False
Suppose 5*q = -v + 2*v + 23, 2*v - 6 = -3*q. Let r be 4/(1 - -3)*v - 245. Let h = 339 - r. Is h a composite number?
False
Suppose 5388529 - 186415 = 546*t - 540*t. Is t a prime number?
False
Suppose c = 5*b - 30, -5 = b + c + c. Suppose 3*h + 3 = 0, -b*a + h + 6297 + 1379 = 0. Is (-6)/((-1545)/a - -1) composite?
True
Let q be 8 + (0/(-1))/(-3). Let j = 266 + -261. Suppose 3*p - q*n = -3*n + 386, n + 636 = j*p. Is p a composite number?
False
Let q = -100 + 9. Let k(h) = h**2 - 55*h - 112. Let f be k(-2). Is (-123837)/q + f/13 a prime number?
True
Let n(b) = 2*b + 2. Let g be n(1). Let t be 540/(-34) + g/(-34). Is (2148/t)/(6/(-8)) a composite number?
False
Let b be (5 - -2)/(1/139). Let u = 1528 - b. Suppose 5*d - 2*f - 735 = 0, -4*d + u = -f + 6*f. Is d composite?
True
Suppose 2*l + 4*t = 5*l - 14340, -4*t + 4764 = l. Suppose -2*h = -l - 5746. Is h a prime number?
True
Suppose -2*u + 3*u + 16*u = 2611421. Is u a prime number?
False
Let q(i) = -1820*i**3 - 19*i**2 + 84*i + 742. Is q(-9) a prime number?
True
Suppose 2*x - 2550184 = 13*y - 12*y, 3*x + y = 3825291. Is x a prime number?
False
Let p(g) = 602*g**3 + 7*g**2 + 9*g + 33. Is p(5) a prime number?
True
Let x(i) = 2*i**3 - 3*i**2 - 7*i + 7. Let z be (10/(-4))/((-4)/8). Let l be x(z). Suppose 2*v = -2, 2*u - 152 = v + l. Is u prime?
True
Let g(u) = 8485*u**2 - 139*u + 55. Is g(-9) a prime number?
True
Let b be (9 - 6) + (-309 - -3). Let x = -40 - b. Is x a prime number?
True
Suppose -v - 3 = -u + 2*u, 0 = 2*v + 5*u + 21. Let n be 105/(-30) + ((-5)/v)/(-5). Is ((-4)/(-8))/(((-6)/628)/n) composite?
False
Let c(p) = 1 - 23 + 6*p - 5*p**2 + 9*p + 4*p**2. Let j be c(13). Is j/22 + 62535/121 a prime number?
False
Let a(p) = 22*p + 142. Let d be a(-6). Suppose -d*j - 57952 = -176922. Is j a prime number?
True
Let l = 20 + -15. Let u(r) = r**3 - 6*r**2 + 4*r + 8. Let f be u(l). Suppose 0 = -f*w + 1282 + 560. Is w a prime number?
False
Suppose -9 = -4*u - 5*v, 2*v = 5*u - v - 2. Let g be (-1)/(-1 + 10/6 - u). Suppose -4*p - 3*m = -1763, -5*m - 892 = -2*p - g*m. Is p a composite number?
False
Suppose -5*m + 6*m - 3*g - 5738 = 0, 4*g - 17175 = -3*m. Let p = 1050 + m. Is p prime?
True
Suppose -2*t + 105 = -67. Let a = t - 84. Is 118512/14 - a/14 a composite number?
True
Let v = -25447 - -74282. Is v a prime number?
False
Is 26579*600/56 + (4 - 0) composite?
True
Suppose 5*f + 17 = -5*x - 38, 0 = -5*x - f - 75. Let z = x + 20. Suppose 20 = z*b, 1476 = 5*i - 3*i + 2*b. Is i a composite number?
False
Suppose 0 = 2*x + 2*h - 4672, -7098 = -2*x + 3*h - 2441. Is x a prime number?
True
Let x(v) = -203*v**2 + 9*v**3 + 203*v**2 + 9 + v. Let r be x(-4). Let h = r - -1272. Is h composite?
False
Suppose 0 = -c - 5*j + 24140, 2*c + 301*j - 302*j = 48313. Is c composite?
True
Suppose 41*u - 139 = -16. Is (303 - -6)*((-148)/(-3) - u) prime?
False
Is ((-260255)/(-10))/(11/22) a composite number?
False
Suppose -5*l + 485500 = -5*i, -4*i = 4*l + 125985 - 514409. Is l composite?
False
Let h(p) = 85*p**2 + 89*p - 4585. Is h(49) prime?
False
Suppose 19*y + 2*y + 63 = 0. Let d(o) = -762*o + 1. Is d(y) prime?
True
Let x = -23595 - -35606. Is x a prime number?
True
Suppose 4*l = -5*w + 30, 2*l - 3*l + 7 = w. Suppose -3*k - 5*z = -6471, -3*k + l*z + 2626 + 3845 = 0. Is k composite?
True
Let s be 22 - 4*(0 + 1). Suppose 5*v + 689 = s*v. Is v composite?
False
Suppose 4997668 + 2162647 = 17*h. Is h prime?
False
Suppose -5*q - 2*a + 2 = 0, a + 3 = -5*q + 4*a. Suppose -4*m + 4 = q, 1880 = -3*h + 12*m - 7*m. Let b = h + 932. Is b composite?
False
Let a = -33900 + 92029. Is a a composite 